{"id":286,"date":"2017-07-12T16:49:37","date_gmt":"2017-07-12T14:49:37","guid":{"rendered":"http:\/\/erotikmassagehaus.de\/?page_id=286"},"modified":"2026-04-08T06:23:50","modified_gmt":"2026-04-08T04:23:50","slug":"laufhaus-erotikmassagen-erotische-massagen-wohlfuehlmassagen-massagen-bad-fuessing-obernberg-am-inn","status":"publish","type":"page","link":"https:\/\/erotikmassagehaus.de\/","title":{"rendered":"Etablissement"},"content":{"rendered":"\n<h1 class=\"wp-block-heading\"><strong><span class=\"has-inline-color has-vivid-red-color\">Samtpf\u00f6tchen Obernberg am Inn<\/span><\/strong><\/h1>\n\n\n\n<p><\/p>\n\n\n\n<p>Herzlich willkommen auf der Startseite des Samtpf\u00f6tchen Obernberg &#8211; nur wenige Minuten von Bad F\u00fcssing entfernt. Wir bieten unseren Kunden erotische Massagen auf h\u00f6chstem Niveau. Im Samtpf\u00f6tchen steht der Service am Besucher im Vordergrund &#8211; die sinnliche Erfahrung aus Massage, Erotik und Sex mit erfahrenen Frauen.<\/p>\n\n\n\n<h3 class=\"wp-block-heading\">Terminanfragen bitte unter der <a href=\"tel:+43 7758 26738\">+43 7758 26738<\/a><\/h3>\n\n\n\n<pre class=\"wp-block-preformatted\"><div id=\"mtphr-dnt-2115\" class=\"mtphr-dnt mtphr-dnt-2115 mtphr-dnt-default mtphr-dnt-scroll mtphr-dnt-scroll-left\"><div class=\"mtphr-dnt-wrapper mtphr-dnt-clearfix\"><div class=\"mtphr-dnt-tick-container\"><div class=\"mtphr-dnt-tick-contents\"><div class=\"mtphr-dnt-tick mtphr-dnt-default-tick mtphr-dnt-clearfix \">Wir freuen uns auf alle die unsere Arbeit zu sch\u00e4tzen wissen und zu erotischen Auslebungen nutzen! Welche Dame heute ihre Dienste anbietet erfahren Sie am Telefon Tel. 0043(0)775826738 *** Wir freuen uns auf alle die unsere Arbeit zu sch\u00e4tzen wissen und zu erotischen Auslebungen nutzen! Welche Dame heute ihre Dienste anbietet erfahren Sie am Telefon Tel. 0043(0)775826738 *** <\/div><\/div><\/div><\/div><\/div><\/pre>\n\n\n\n<pre class=\"wp-block-preformatted\"><strong>Aktuelle Informationen zu unseren \u00d6ffnungszeiten:<\/strong><br>T\u00e4glich ge\u00f6ffnet von 10.00 - 22.00 Uhr<br>Terminanfragen unter Tel. <a href=\"tel: +43 7758 26738\">+43 7758 26738<\/a><br>Bewerbungen unter Tel. <a href=\"tel: +49 8531 22915\">+49 8531 22915<\/a> oder <a href=\"mailto:info@erotikmassagehaus.de\">info@erotikmassagehaus.de<\/a><\/pre>\n\n\n\nngg_shortcode_0_placeholder\n\n\n\n<hr class=\"wp-block-separator has-css-opacity is-style-wide\"\/>\n\n\n\n<p class=\"has-text-align-center\"> Unsere \u00d6ffnungszeiten: t\u00e4glich von 10.00 &#8211; 22.00 Uhr &#8211; auch Sonn- und Feiertag, Br\u00fcckenstra\u00dfe 2, 4982 Obernberg am Inn\/\u00d6sterreich<\/p>\n\n\n\n<meta name=\"title\" content=\"Erotische Massagen - Bad F\u00fcssing - Sex - Laufhaus - ficken\">\n<meta name=\"description\" content=\"Wir bieten erotische Massagen in Bad F\u00fcssing mit ficken und Sex, willige Frauen warten im Laufhaus auf dich\">\n<meta name=\"keywords\" content=\"Ficken, Sex, Bad F\u00fcssing, Laufhaus, Massagen, \">\n<meta name=\"robots\" content=\"index, follow\">\n<meta http-equiv=\"Content-Type\" content=\"text\/html; charset=utf-8\">\n<meta name=\"revisit-after\" content=\"2 days\">\n<meta name=\"author\" content=\"Samtpf\u00f6tchen - erotische Massagen - Bad F\u00fcssing\">\n","protected":false},"excerpt":{"rendered":"<p>Samtpf\u00f6tchen Obernberg am Inn Herzlich willkommen auf der Startseite des Samtpf\u00f6tchen Obernberg &#8211; nur wenige Minuten von Bad F\u00fcssing entfernt. Wir bieten unseren Kunden erotische Massagen auf h\u00f6chstem Niveau. Im Samtpf\u00f6tchen steht der Service am Besucher im Vordergrund &#8211; die sinnliche Erfahrung aus Massage, Erotik und Sex mit erfahrenen Frauen. Terminanfragen bitte unter der +43 &hellip; <\/p>\n<p class=\"link-more\"><a href=\"https:\/\/erotikmassagehaus.de\/\" class=\"more-link\"><span class=\"screen-reader-text\">\u201eEtablissement\u201c<\/span> weiterlesen<\/a><\/p>\n","protected":false},"author":1,"featured_media":0,"parent":0,"menu_order":0,"comment_status":"closed","ping_status":"closed","template":"","meta":{"ngg_post_thumbnail":0,"footnotes":""},"class_list":["post-286","page","type-page","status-publish","hentry"],"yoast_head":"<!-- This site is optimized with the Yoast SEO plugin v27.2 - https:\/\/yoast.com\/product\/yoast-seo-wordpress\/ -->\n<title>- Erotikmassagehaus - Erotikmassagen - Bad F\u00fcssing - Obernberg am Inn<\/title>\n<meta name=\"description\" content=\"Erotische Massagen - Wohlf\u00fchlmassagen - Laufhaus - Bad F\u00fcssing - Obernberg am Inn - Obernberg am Inn - Tel. +43 7758 26738 Erotikmassagehaus\" \/>\n<meta name=\"robots\" content=\"index, follow, max-snippet:-1, max-image-preview:large, max-video-preview:-1\" \/>\n<link rel=\"canonical\" href=\"https:\/\/erotikmassagehaus.de\/\" \/>\n<meta property=\"og:locale\" content=\"de_DE\" \/>\n<meta property=\"og:type\" content=\"article\" \/>\n<meta property=\"og:title\" content=\"- Erotikmassagehaus - Erotikmassagen - Bad F\u00fcssing - Obernberg am Inn\" \/>\n<meta property=\"og:description\" content=\"Erotische Massagen - Wohlf\u00fchlmassagen - Laufhaus - Bad F\u00fcssing - Obernberg am Inn - Obernberg am Inn - Tel. +43 7758 26738 Erotikmassagehaus\" \/>\n<meta property=\"og:url\" content=\"https:\/\/erotikmassagehaus.de\/\" \/>\n<meta property=\"og:site_name\" content=\"Erotikmassagehaus\" \/>\n<meta property=\"article:modified_time\" content=\"2026-04-08T04:23:50+00:00\" \/>\n<meta name=\"twitter:card\" content=\"summary_large_image\" \/>\n<meta name=\"twitter:label1\" content=\"Gesch\u00e4tzte Lesezeit\" \/>\n\t<meta name=\"twitter:data1\" content=\"1\u00a0Minute\" \/>\n<script type=\"application\/ld+json\" class=\"yoast-schema-graph\">{\"@context\":\"https:\/\/schema.org\",\"@graph\":[{\"@type\":\"WebPage\",\"@id\":\"https:\/\/erotikmassagehaus.de\/\",\"url\":\"https:\/\/erotikmassagehaus.de\/\",\"name\":\"- Erotikmassagehaus - Erotikmassagen - Bad F\u00fcssing - Obernberg am Inn\",\"isPartOf\":{\"@id\":\"https:\/\/erotikmassagehaus.de\/#website\"},\"datePublished\":\"2017-07-12T14:49:37+00:00\",\"dateModified\":\"2026-04-08T04:23:50+00:00\",\"description\":\"Erotische Massagen - Wohlf\u00fchlmassagen - Laufhaus - Bad F\u00fcssing - Obernberg am Inn - Obernberg am Inn - Tel. +43 7758 26738 Erotikmassagehaus\",\"breadcrumb\":{\"@id\":\"https:\/\/erotikmassagehaus.de\/#breadcrumb\"},\"inLanguage\":\"de\",\"potentialAction\":[{\"@type\":\"ReadAction\",\"target\":[\"https:\/\/erotikmassagehaus.de\/\"]}]},{\"@type\":\"BreadcrumbList\",\"@id\":\"https:\/\/erotikmassagehaus.de\/#breadcrumb\",\"itemListElement\":[{\"@type\":\"ListItem\",\"position\":1,\"name\":\"Startseite\",\"item\":\"https:\/\/erotikmassagehaus.de\/\"},{\"@type\":\"ListItem\",\"position\":2,\"name\":\"Etablissement\"}]},{\"@type\":\"WebSite\",\"@id\":\"https:\/\/erotikmassagehaus.de\/#website\",\"url\":\"https:\/\/erotikmassagehaus.de\/\",\"name\":\"Erotikmassagehaus\",\"description\":\"Obernberg am Inn - Tel. +43 7758 26738\",\"publisher\":{\"@id\":\"https:\/\/erotikmassagehaus.de\/#organization\"},\"potentialAction\":[{\"@type\":\"SearchAction\",\"target\":{\"@type\":\"EntryPoint\",\"urlTemplate\":\"https:\/\/erotikmassagehaus.de\/?s={search_term_string}\"},\"query-input\":{\"@type\":\"PropertyValueSpecification\",\"valueRequired\":true,\"valueName\":\"search_term_string\"}}],\"inLanguage\":\"de\"},{\"@type\":\"Organization\",\"@id\":\"https:\/\/erotikmassagehaus.de\/#organization\",\"name\":\"Samtpf\u00f6tchen - Erotische Massagen und mehr\",\"url\":\"https:\/\/erotikmassagehaus.de\/\",\"logo\":{\"@type\":\"ImageObject\",\"inLanguage\":\"de\",\"@id\":\"https:\/\/erotikmassagehaus.de\/#\/schema\/logo\/image\/\",\"url\":\"https:\/\/erotikmassagehaus.de\/wp-content\/uploads\/2021\/10\/Firmenlogo_Samtpfoetchen.jpg\",\"contentUrl\":\"https:\/\/erotikmassagehaus.de\/wp-content\/uploads\/2021\/10\/Firmenlogo_Samtpfoetchen.jpg\",\"width\":1890,\"height\":945,\"caption\":\"Samtpf\u00f6tchen - Erotische Massagen und mehr\"},\"image\":{\"@id\":\"https:\/\/erotikmassagehaus.de\/#\/schema\/logo\/image\/\"}}]}<\/script>\n<!-- \/ Yoast SEO plugin. -->","yoast_head_json":{"title":"- Erotikmassagehaus - Erotikmassagen - Bad F\u00fcssing - Obernberg am Inn","description":"Erotische Massagen - Wohlf\u00fchlmassagen - Laufhaus - Bad F\u00fcssing - Obernberg am Inn - Obernberg am Inn - Tel. +43 7758 26738 Erotikmassagehaus","robots":{"index":"index","follow":"follow","max-snippet":"max-snippet:-1","max-image-preview":"max-image-preview:large","max-video-preview":"max-video-preview:-1"},"canonical":"https:\/\/erotikmassagehaus.de\/","og_locale":"de_DE","og_type":"article","og_title":"- Erotikmassagehaus - Erotikmassagen - Bad F\u00fcssing - Obernberg am Inn","og_description":"Erotische Massagen - Wohlf\u00fchlmassagen - Laufhaus - Bad F\u00fcssing - Obernberg am Inn - Obernberg am Inn - Tel. +43 7758 26738 Erotikmassagehaus","og_url":"https:\/\/erotikmassagehaus.de\/","og_site_name":"Erotikmassagehaus","article_modified_time":"2026-04-08T04:23:50+00:00","twitter_card":"summary_large_image","twitter_misc":{"Gesch\u00e4tzte Lesezeit":"1\u00a0Minute"},"schema":{"@context":"https:\/\/schema.org","@graph":[{"@type":"WebPage","@id":"https:\/\/erotikmassagehaus.de\/","url":"https:\/\/erotikmassagehaus.de\/","name":"- Erotikmassagehaus - Erotikmassagen - Bad F\u00fcssing - Obernberg am Inn","isPartOf":{"@id":"https:\/\/erotikmassagehaus.de\/#website"},"datePublished":"2017-07-12T14:49:37+00:00","dateModified":"2026-04-08T04:23:50+00:00","description":"Erotische Massagen - Wohlf\u00fchlmassagen - Laufhaus - Bad F\u00fcssing - Obernberg am Inn - Obernberg am Inn - Tel. +43 7758 26738 Erotikmassagehaus","breadcrumb":{"@id":"https:\/\/erotikmassagehaus.de\/#breadcrumb"},"inLanguage":"de","potentialAction":[{"@type":"ReadAction","target":["https:\/\/erotikmassagehaus.de\/"]}]},{"@type":"BreadcrumbList","@id":"https:\/\/erotikmassagehaus.de\/#breadcrumb","itemListElement":[{"@type":"ListItem","position":1,"name":"Startseite","item":"https:\/\/erotikmassagehaus.de\/"},{"@type":"ListItem","position":2,"name":"Etablissement"}]},{"@type":"WebSite","@id":"https:\/\/erotikmassagehaus.de\/#website","url":"https:\/\/erotikmassagehaus.de\/","name":"Erotikmassagehaus","description":"Obernberg am Inn - Tel. +43 7758 26738","publisher":{"@id":"https:\/\/erotikmassagehaus.de\/#organization"},"potentialAction":[{"@type":"SearchAction","target":{"@type":"EntryPoint","urlTemplate":"https:\/\/erotikmassagehaus.de\/?s={search_term_string}"},"query-input":{"@type":"PropertyValueSpecification","valueRequired":true,"valueName":"search_term_string"}}],"inLanguage":"de"},{"@type":"Organization","@id":"https:\/\/erotikmassagehaus.de\/#organization","name":"Samtpf\u00f6tchen - Erotische Massagen und mehr","url":"https:\/\/erotikmassagehaus.de\/","logo":{"@type":"ImageObject","inLanguage":"de","@id":"https:\/\/erotikmassagehaus.de\/#\/schema\/logo\/image\/","url":"https:\/\/erotikmassagehaus.de\/wp-content\/uploads\/2021\/10\/Firmenlogo_Samtpfoetchen.jpg","contentUrl":"https:\/\/erotikmassagehaus.de\/wp-content\/uploads\/2021\/10\/Firmenlogo_Samtpfoetchen.jpg","width":1890,"height":945,"caption":"Samtpf\u00f6tchen - Erotische Massagen und mehr"},"image":{"@id":"https:\/\/erotikmassagehaus.de\/#\/schema\/logo\/image\/"}}]}},"_links":{"self":[{"href":"https:\/\/erotikmassagehaus.de\/index.php?rest_route=\/wp\/v2\/pages\/286","targetHints":{"allow":["GET"]}}],"collection":[{"href":"https:\/\/erotikmassagehaus.de\/index.php?rest_route=\/wp\/v2\/pages"}],"about":[{"href":"https:\/\/erotikmassagehaus.de\/index.php?rest_route=\/wp\/v2\/types\/page"}],"author":[{"embeddable":true,"href":"https:\/\/erotikmassagehaus.de\/index.php?rest_route=\/wp\/v2\/users\/1"}],"replies":[{"embeddable":true,"href":"https:\/\/erotikmassagehaus.de\/index.php?rest_route=%2Fwp%2Fv2%2Fcomments&post=286"}],"version-history":[{"count":106,"href":"https:\/\/erotikmassagehaus.de\/index.php?rest_route=\/wp\/v2\/pages\/286\/revisions"}],"predecessor-version":[{"id":3923,"href":"https:\/\/erotikmassagehaus.de\/index.php?rest_route=\/wp\/v2\/pages\/286\/revisions\/3923"}],"wp:attachment":[{"href":"https:\/\/erotikmassagehaus.de\/index.php?rest_route=%2Fwp%2Fv2%2Fmedia&parent=286"}],"curies":[{"name":"wp","href":"https:\/\/api.w.org\/{rel}","templated":true}]}}